1, 13
What are the prime factors of 587?
587
What are the prime factors of 3998?
2, 1999
List the prime factors of 84771.
3, 9419
What are the prime factors of 44779?
7, 6397
List the prime factors of 2640.
2, 3, 5, 11
List the prime factors of 10265.
5, 2053
List the prime factors of 1421.
7, 29
List the prime factors of 123090.
2, 3, 5, 11, 373
List the prime factors of 1642.
2, 821
What are the prime factors of 2417?
2417
What are the prime factors of 10640?
2, 5, 7, 19
List the prime factors of 4492.
2, 1123
What are the prime factors of 461?
461
List the prime factors of 854.
2, 7, 61
List the prime factors of 3566.
2, 1783
List the prime factors of 22617.
3, 7, 359
What are the prime factors of 7565?
5, 17, 89
List the prime factors of 27833.
13, 2141
What are the prime factors of 282?
2, 3, 47
List the prime factors of 456.
2, 3, 19
List the prime factors of 51592.
2, 6449
List the prime factors of 3146.
2, 11, 13
List the prime factors of 3154.
2, 19, 83
List the prime factors of 5203.
11, 43
List the prime factors of 4790.
2, 5, 479
What are the prime factors of 4425?
3, 5, 59
List the prime factors of 5628.
2, 3, 7, 67
List the prime factors of 17325.
3, 5, 7, 11
List the prime factors of 29486.
2, 23, 641
List the prime factors of 220.
2, 5, 11
List the prime factors of 120700.
2, 5, 17, 71
List the prime factors of 47808.
2, 3, 83
List the prime factors of 15968.
2, 499
List the prime factors of 1781.
13, 137
What are the prime factors of 7991?
61, 131
What are the prime factors of 4930?
2, 5, 17, 29
What are the prime factors of 15666?
2, 3, 7, 373
What are the prime factors of 706?
2, 353
List the prime factors of 48026.
2, 11, 37, 59
List the prime factors of 4081.
7, 11, 53
What are the prime factors of 1019?
1019
What are the prime factors of 6583?
29, 227
List the prime factors of 862.
2, 431
What are the prime factors of 520?
2, 5, 13
List the prime factors of 3500.
2, 5, 7
What are the prime factors of 12305?
5, 23, 107
What are the prime factors of 22078?
2, 7, 19, 83
List the prime factors of 14810.
2, 5, 1481
List the prime factors of 2369.
23, 103
List the prime factors of 15101.
15101
List the prime factors of 10398.
2, 3, 1733
List the prime factors of 84499.
84499
What are the prime factors of 17291?
17291
What are the prime factors of 1085?
5, 7, 31
List the prime factors of 643.
643
What are the prime factors of 17862?
2, 3, 13, 229
What are the prime factors of 15034?
2, 7517
What are the prime factors of 7187?
7187
List the prime factors of 6063.
3, 43, 47
List the prime factors of 2878.
2, 1439
List the prime factors of 809.
809
List the prime factors of 148866.
2, 3, 43, 577
What are the prime factors of 2039?
2039
List the prime factors of 98300.
2, 5, 983
List the prime factors of 31598.
2, 7, 37, 61
List the prime factors of 103734.
2, 3, 17, 113
What are the prime factors of 1634?
2, 19, 43
What are the prime factors of 3300?
2, 3, 5, 11
List the prime factors of 37911.
3, 12637
List the prime factors of 1486.
2, 743
List the prime factors of 1000.
2, 5
What are the prime factors of 1779?
3, 593
List the prime factors of 8678.
2, 4339
List the prime factors of 43285.
5, 11, 787
List the prime factors of 3747.
3, 1249
What are the prime factors of 15905?
5, 3181
List the prime factors of 1208.
2, 151
List the prime factors of 403.
13, 31
What are the prime factors of 4570?
2, 5, 457
List the prime factors of 18140.
2, 5, 907
What are the prime factors of 43315?
5, 8663
What are the prime factors of 18507?
3, 31, 199
List the prime factors of 11446.
2, 59, 97
What are the prime factors of 2544?
2, 3, 53
What are the prime factors of 585?
3, 5, 13
List the prime factors of 622.
2, 311
What are the prime factors of 26?
2, 13
List the prime factors of 8782.
2, 4391
What are the prime factors of 4287?
3, 1429
List the prime factors of 966.
2, 3, 7, 23
What are the prime factors of 56677?
19, 157
What are the prime factors of 572?
2, 11, 13
List the prime factors of 856.
2, 107
List the prime factors of 8065.
5, 1613
List the prime factors of 1130.
2, 5, 113
List the prime factors of 15745.
5, 47, 67
List the prime factors of 539.
7, 11
What are the prime factors of 6932?
2, 1733
What are the prime factors of 4331?
61, 71
What are the prime factors of 22135?
5, 19, 233
List the prime factors of 3766.
2, 7, 269
What are the prime factors of 1301?
1301
List the prime factors of 18693.
3, 31, 67
What are the prime factors of 6608?
2, 7, 59
What are the prime factors of 12901?
7, 19, 97
List the prime factors of 61493.
61493
List the prime factors of 29646.
2, 3, 61
List the prime factors of 1194.
2, 3, 199
List the prime factors of 10401.
3, 3467
What are the prime factors of 330?
2, 3, 5, 11
What are the prime factors of 4789?
4789
What are the prime factors of 10918?
2, 53, 103
What are the prime factors of 30919?
7, 631
List the prime factors of 46874.
2, 23, 1019
List the prime factors of 14220.
2, 3, 5, 79
What are the prime factors of 85290?
2, 3, 5, 2843
What are the prime factors of 27324?
2, 3, 11, 23
What are the prime factors of 5769?
3, 641
List the prime factors of 459.
3, 17
What are the prime factors of 3402?
2, 3, 7
List the prime factors of 6902.
2, 7, 17, 29
What are the prime factors of 3226?
2, 1613
What are the prime factors of 783?
3, 29
What are the prime factors of 8437?
11, 13, 59
List the prime factors of 103732.
2, 25933
What are the prime factors of 75?
3, 5
What are the prime factors of 34898?
2, 17449
What are the prime factors of 860?
2, 5, 43
What are the prime factors of 28047?
3, 9349
What are the prime factors of 43194?
2, 3, 23, 313
What are the prime factors of 4705?
5, 941
What are the prime factors of 2768?
2, 173
What are the prime factors of 48728?
2, 6091
What are the prime factors of 288?
2, 3
What are the prime factors of 70979?
70979
List the prime factors of 54034.
2, 27017
List the prime factors of 1274.
2, 7, 13
List the prime factors of 3552.
2, 3, 37
What are the prime factors of 65290?
2, 5, 6529
List the prime factors of 4899.
3, 23, 71
What are the prime factors of 3871?
7, 79
What are the prime factors of 1566?
2, 3, 29
What are the prime factors of 2227?
17, 131
List the prime factors of 39428.
2, 9857
What are the prime factors of 877?
877
List the prime factors of 28133.
7, 4019
What are the prime factors of 10294?
2, 5147
What are the prime factors of 301?
7, 43
List the prime factors of 18290.
2, 5, 31, 59
What are the prime factors of 8412?
2, 3, 701
List the prime factors of 22653.
3, 839
List the prime factors of 34666.
2, 17333
What are the prime factors of 55772?
2, 73, 191
List the prime factors of 6652.
2, 1663
What are the prime factors of 2391?
3, 797
What are the prime factors of 678?
2, 3, 113
List the prime factors of 298.
2, 149
List the prime factors of 16507.
17, 971
List the prime factors of 135645.
3, 5, 9043
What are the prime factors of 46775?
5, 1871
List the prime factors of 10926.
2, 3, 607
List the prime factors of 1354.
2, 677
What are the prime factors of 31848?
2, 3, 1327
List the prime factors of 90439.
90439
What are the prime factors of 28?
2, 7
What are the prime factors of 32441?
32441
List the prime factors of 4609.
11, 419
What are the prime factors of 42885?
3, 5, 953
What are the prime factors of 2080?
2, 5, 13
What are the prime factors of 39799?
39799
List the prime factors of 8300.
2, 5, 83
List the prime factors of 10504.
2, 13, 101
What are the prime factors of 961?
31
List the prime factors of 4380.
2, 3, 5, 73
What are the prime factors of 1080?
2, 3, 5
What are the prime factors of 4783?
4783
List the prime factors of 175.
5, 7
What are the prime factors of 5493?
3, 1831
What are the prime factors of 1010?
2, 5, 101
List the prime factors of 369.
3, 41
List the prime factors of 51511.
51511
What are the prime factors of 76128?
2, 3, 13, 61
What are the prime factors of 904?
2, 113
List the prime factors of 382.
2, 191
What are the prime factors of 6689?
6689
List the prime factors of 206.
2, 103
What are the prime factors of 176544?
2, 3, 613
What are the prime factors of 4321?
29, 149
List the prime factors of 40784.
2, 2549
What are the prime factors of 1145?
5, 229
List the prime factors of 5520.
2, 3, 5, 23
